x**2. Calculate i(q).
-18
Let g(r) = 3*r**3 + 3*r**2 + r - 2. Let v = 304 + -297. Suppose -k = -4*d - 2, 4*k - 4*d - v = -11. Determine g(k).
-16
Let c(x) = 2691 - 1338 - 1369 - 4*x. Calculate c(-2).
-8
Suppose 0 = 20*y + 9*y - 36*y - 49. Let p(b) = -7*b**2 - 52*b - 15. What is p(y)?
6
Let b be (3/2)/(-1)*-6. Let s(c) = -3*c**2 + 5*c - 2. Let l(q) = -1 + 4*q - 2*q - 82*q**2 + 41*q**2 + 40*q**2. Let f(u) = b*l(u) - 4*s(u). Calculate f(-1).
4
Let x(k) = 12*k - 30. Let j(p) = -19*p + 39. Let h(s) = -2*j(s) - 3*x(s). Calculate h(-10).
-8
Let f(m) = -m**2 - 32*m + 3. Let o = -7926 + 7894. Give f(o).
3
Let s(i) = -i**2 - 9*i + 12. Let d(x) = -x**2 + x - 1. Let r(p) = -2*d(p) + s(p). Let l = 23678 - 23668. Determine r(l).
4
Suppose 0 = -10*n + 913 - 893. Let r(v) = -v**3 - 12*v**2 + 5*v + 4. Let f(q) = -5*q**3 - 50*q**2 + 19*q + 16. Let w(t) = n*f(t) - 9*r(t). Calculate w(7).
-4
Let f = -3810 + 3785. Let j(u) = -2*u - 37. Determine j(f).
13
Let u(c) = 10*c - 17. Let b be (((-18)/8)/((-21)/24))/(1068/4984). Give u(b).
103
Let s be (3 - (1 - 19))*1 + -6. Let t be (6 + -3)*(-50)/s. Let j(z) = z**2 + 12*z + 8. Determine j(t).
-12
Let f(l) be the second derivative of -l**3/3 - 31*l**2/2 - 14*l + 12. Calculate f(11).
-53
Let c(b) = -b**3 + 13*b**2 - 30*b + 7. Let d be (-5)/(-7) + (-14625)/(-1575). Calculate c(d).
7
Let b(a) = -65 + 37 + 38 + 8 - 12*a + 21. What is b(3)?
3
Let s be 0/(0 + 3) - 0. Let k(c) be the third derivative of 14*c**2 + 0 + 0*c**4 + 1/120*c**6 + 0*c + 0*c**5 + 5/3*c**3. Calculate k(s).
10
Let y(g) be the third derivative of 1/120*g**6 + 0 + 34*g**2 - 1/10*g**5 - 4/3*g**3 + 0*g**4 + 0*g. Determine y(6).
-8
Let o(b) = -b**3 + 8*b**2 + 8*b + 9. Let z = 429 - 368. Suppose 2 = 7*q - z. Determine o(q).
0
Let i be -4 + 253/46 + 148/8. Let l(v) = -v**3 + 19*v**2 + 22*v - 38. What is l(i)?
2
Let l be 13 - (-33)/((-33)/28). Let n(p) = 2*p**2 + 33*p + 68. Calculate n(l).
23
Let x(w) be the third derivative of 3*w**2 + 0 + 0*w + 4/3*w**3 - 1/24*w**4. Let s(l) = 7*l**3 + l**2. Let f be s(-1). What is x(f)?
14
Let l(q) = -183*q + 921. Let f be l(5). Let a(m) = m**3 - 7*m**2 + 8*m - 2. Determine a(f).
10
Let t(x) = x**3 + x**2. Let k(s) = -2*s**3 - 9*s**2 + 2*s. Let b(z) = k(z) + 5*t(z). Suppose 203*v - 180 = 226. Give b(v).
12
Let n(z) be the second derivative of z**4/12 + z**3 + 10*z**2 - 4804*z. Give n(-10).
60
Let m(z) be the third derivative of -3/8*z**4 + 0*z + 1/60*z**5 + 0 + 2*z**3 - 11*z**2. Give m(8).
4
Let p(x) = x**2 - 9*x + 15. Suppose 7*r + 6*r - 13 = 0. Suppose 34 = 5*v - 4*f, 6 = v + f + r. Calculate p(v).
-3
Suppose 4*h + 3*w - 39 = 0, -24*h - 5*w = -23*h - 31. Let o(v) = -1 + 2*v**2 + 6*v + 0 + h*v - 5*v + 2. What is o(-2)?
-5
Let m(o) = -16*o + 57. Suppose 24*z - 8 = 6*z + 64. Calculate m(z).
-7
Let l be (4/5)/((-2)/(-10)). Let d(g) = -4 + 1 + 6 + 2 - g**2 - 4. Determine d(l).
-15
Let p(j) = 31 - 6991*j**2 + 3497*j**2 - 11*j + 3493*j**2. Give p(-14).
-11
Let x(o) = 2*o**2 - 3*o - 3. Suppose -2*z - 148 = f, -2*f + 5*f = -3*z - 459. Let l = f + 161. Determine x(l).
6
Suppose 6*i + 2495 - 12071 = 0. Let d be 2/(-15) - (i/180 + -9). Let z(l) = l**2 + 2*l + 5. Calculate z(d).
5
Let y(t) = 6*t + 10*t - 13*t + 88 + 17*t. Let r be y(-5). Let o(b) = -b**2 - 12*b + 2. Determine o(r).
2
Let l = -3 + -1. Let w(v) = v + 2. Let y(s) = -8*s - 8. Let q(n) = l*w(n) - y(n). Determine q(-4).
-16
Let v = -27 - -30. Suppose 0 = -v*b + 2*b + 4. Let x(l) = -3*l**2 + 18 + l + 4*l**3 - 2*l**2 - 5*l**3 + b*l**2. Give x(0).
18
Let n = 1852 - 1850. Let u(v) be the first derivative of 1/3*v**3 + 3*v**2 - 3 + n*v. Determine u(-4).
-6
Let s = 23 + -19. Let i be ((-8)/(-10))/((-14)/(-35)). Suppose 5*d + 0*z + s*z - 19 = 0, 2*z = i. Let j(v) = v**3 - 3*v**2 - 3*v + 4. Calculate j(d).
-5
Let g = -320 + 325. Suppose -8 = -3*a + 7. Let v(d) = -a*d**2 + 4*d**2 - 4 + 7*d + 2 + 0. What is v(g)?
8
Let j be ((0 - 1)*1)/(2/(-10)). Let a(w) = w**2 - 12*w - 12. Let g be a(13). Let c(n) = -3*n + 0 + g - 1 + 7. Determine c(j).
-8
Let y(a) be the third derivative of -a**4/24 + 11*a**3/6 - a**2. Let h(r) = r**3 - 12 - 5*r**3 + 18*r**2 + 0 + 3*r**3 + 20*r. Let u be h(19). What is y(u)?
4
Let c(g) = -6*g + 6. Let z = 5631 + -5630. Give c(z).
0
Let p(y) be the third derivative of y**6/60 + y**5/20 - y**4/24 - 365*y**2 - 4*y. Calculate p(-3).
-24
Let s(m) = 46*m - 17*m - 3*m - 11*m - 10*m + 20. Calculate s(-11).
-35
Let p(m) = 11*m**3 + 21*m**2 - 6*m + 105. Let h(t) = 13*t**3 + 23*t**2 - 5*t + 121. Let v(j) = -6*h(j) + 7*p(j). Determine v(5).
49
Let y(f) = f**2 + 6*f - 9. Let j = 601 + -459. Let b = 135 - j. Give y(b).
-2
Let z(u) = -12*u - 2. Let s be -3*(-5)/3*-33. Let g be (110/s)/((-1)/(-3)*-1). Calculate z(g).
-26
Let o(h) = -h**3 + 4*h**2 - h - 3. Let s(p) = 5*p - 66. Let k be s(15). Suppose 3*w = 3*r, 2*w + k = 6*w - r. Give o(w).
3
Suppose 0 = 5*p - k - 3, -3*k + 0 = -2*p + 9. Let z(l) = l**2 - 6*l + 2. Let d be z(p). Let y(w) = -w**3 + 2*w**2 - w. Calculate y(d).
-2
Let n(h) = -7*h**2 + 254*h - 67. Let a be n(36). Let x(c) = -c**2 + c - 14. Calculate x(a).
-34
Suppose -6*f - 84 = -13*f. Let h(m) = -1 + 3*m**2 - 23*m + 13*m + f*m + 2*m**3. Calculate h(-2).
-9
Let p(g) = -g**3 - 1486*g + 737*g - 4*g**2 + 748*g - 17 - 15*g**2. What is p(-19)?
2
Let j(x) = -x**3 - 18*x**2 + 42*x + 39. Let d be j(-20). Let u(l) = 13*l - 1. Determine u(d).
-14
Let o(l) = -13*l**2 - 15*l - 1. Let b be o(-1). Let t(n) = 0 + 1 + b + 3 + 8*n + n**2 + 0*n**2. Determine t(-7).
-2
Let z(d) be the third derivative of -1/120*d**6 + 1/24*d**4 + 18*d + 0 + 2*d**2 + 1/3*d**3 + 0*d**5. Let l = 6 - 8. What is z(l)?
8
Let r(n) = -5*n**2 - 5*n - 3. Let f(p) = -p**2 + p + 1. Suppose 4*x + 158 = 5*a, -2*x + 36 = 2*a - 38. Let q = 30 - a. Let t(h) = q*f(h) - r(h). What is t(1)?
9
Let u(n) = 23*n**2 - 20*n - 15. Let w(z) = 46*z**2 - 31*z - 24. Let q(p) = 8*u(p) - 5*w(p). Determine q(1).
-51
Suppose 0 = -2*d - 5*q + 157, 2*d + 3*q = -0*q + 155. Suppose -d*s = -80*s + 32. Let b(h) = h**3 - 10*h**2 + 16*h - 10. What is b(s)?
-10
Let t(j) be the first derivative of -14*j**3/3 - 3*j**2/2 + j + 1340. Calculate t(2).
-61
Let o(v) be the second derivative of -v**6/60 - v**5/15 + v**3/6 + 8*v**2 - 2*v - 40. Let j(x) be the first derivative of o(x). What is j(-3)?
19
Let r(z) = 7*z + 6 + 20*z**3 - 11 - 26*z**3 - 3*z**2 + 0*z**3. What is r(1)?
-7
Let r(s) be the third derivative of s**4/6 - s**3/3 + 1941*s**2 + s + 1. Calculate r(0).
-2
Let g(p) = -p**3 + 3*p**2 + p - 2. Let z = -363 + 379. Suppose 3*j = -64*f + 63*f + z, 0 = -5*j + 3*f + 22. Determine g(j).
-47
Let x(r) = 1 + 59275*r - 118250*r + 58972*r. Suppose 0*s = -2*s + 18. Give x(s).
-26
Let m(s) = -s**2 - 3*s + 31. Suppose 1 = -p, 0 = -5*q - 5*p - 28 - 17. Calculate m(q).
-9
Let t(z) be the third derivative of z**4/12 - z**3/6 + 2*z**2 + 4*z. Let p(k) = -4*k + 11. Let i(f) = p(f) + 5*t(f). Determine i(-4).
-18
Let m = 296 - 300. Let u(d) = -d**2 + 3*d + 37. Let p be u(m). Let j(r) = r**2 - 6*r - 12. Calculate j(p).
15
Let y(w) = -2*w - 4*w - 7*w - w**2 - 10 - 2*w. Let q = -2959 + 2945. Determine y(q).
4
Let f(h) = -17*h**2 - 2*h + 72. Let x(r) = -26*r**2 - 3*r + 115. Let l(g) = -8*f(g) + 5*x(g). Let j = -15 + 10. Let t be 2*-1 + (-2 - j). Give l(t).
6
Let w(m) = 4*m**2 + m + 2. Suppose 2*i + 4 = 4*i. Suppose 0 = g - i. Suppose -n = -2*n - g. Determine w(n).
16
Let s(n) = -3*n**3 - 7*n**2 - 12*n - 3. Let w(h) = 4*h**3 + 7*h**2 + 15*h + 3. Suppose 30*i + 58 = -2. Let f(r) = i*w(r) - 3*s(r). What is f(-4)?
27
Let j(p) = -18*p - 1510. Let y be j(-84). Let b(v) be the first derivative of v**5/15 + v**2/2 - 4. Let t(i) be the second derivative of b(i). What is t(y)?
16
Let z(p) = p**2 + 12*p - 65. Let j = -11625 - -11606. Give z(j).
68
Let k(l) = -l**3 - 5*l**2 + 6*l - 2. Suppose a - 5 = 3*p, 8 = 2*a - 4*a. Let v(i) = 34*i - 58. Let o be v(2). Let z be (-8)/(p + 5) + o/(-5). Determine k(z).
-2
Let h(y) = y - 3. Let z = 3957 + -3952. Let g = -1 + 2. Suppose o = t + g, -2*o + t + z = 2*t. Give h(o).
-1
Let q be (-4 - 21)*150/(-375). Let t(r) = 2*r**3 - 20*r**2 + 6*r - 53. What is t(q)?
7
Let k(z) = 17*z**2 - 21*z - 6. Let b(o) = -4*o**2 + 6*o + 1. Let v(m) = -9*b(m) - 2*k(m). What is v(5)?
-7
Let b(p) = 16*p + 7. Let i = -1504 - -1500. Calculate b(i).
-57
Let f be 2*(-2)